{"id":865,"date":"2020-03-28T22:37:42","date_gmt":"2020-03-28T21:37:42","guid":{"rendered":"http:\/\/81.169.185.81\/?page_id=865"},"modified":"2021-11-02T23:06:30","modified_gmt":"2021-11-02T22:06:30","slug":"about","status":"publish","type":"page","link":"https:\/\/lennpre.de\/index.php\/about\/","title":{"rendered":"Hi! Ich bin Lennart"},"content":{"rendered":"\t\t<div data-elementor-type=\"wp-page\" data-elementor-id=\"865\" class=\"elementor elementor-865\">\n\t\t\t\t\t\t\t\t\t<section class=\"elementor-section elementor-top-section elementor-element elementor-element-fb79afa elementor-section-content-middle elementor-section-boxed elementor-section-height-default elementor-section-height-default\" data-id=\"fb79afa\" data-element_type=\"section\">\n\t\t\t\t\t\t<div class=\"elementor-container elementor-column-gap-no\">\n\t\t\t\t\t<div class=\"elementor-column elementor-col-50 elementor-top-column elementor-element elementor-element-6bea257e\" data-id=\"6bea257e\" data-element_type=\"column\">\n\t\t\t<div class=\"elementor-widget-wrap elementor-element-populated\">\n\t\t\t\t\t\t\t\t<div class=\"elementor-element elementor-element-ae84397 elementor-widget elementor-widget-image\" data-id=\"ae84397\" data-element_type=\"widget\" data-widget_type=\"image.default\">\n\t\t\t\t<div class=\"elementor-widget-container\">\n\t\t\t\t\t\t\t\t\t\t\t\t\t\t\t<img decoding=\"async\" width=\"2560\" height=\"2560\" src=\"https:\/\/lennpre.de\/wp-content\/uploads\/2020\/04\/Portrait_Ich_1x1-scaled.jpg\" class=\"attachment-full size-full wp-image-980\" alt=\"\" loading=\"lazy\" srcset=\"https:\/\/lennpre.de\/wp-content\/uploads\/2020\/04\/Portrait_Ich_1x1-scaled.jpg 2560w, https:\/\/lennpre.de\/wp-content\/uploads\/2020\/04\/Portrait_Ich_1x1-300x300.jpg 300w, https:\/\/lennpre.de\/wp-content\/uploads\/2020\/04\/Portrait_Ich_1x1-1024x1024.jpg 1024w, https:\/\/lennpre.de\/wp-content\/uploads\/2020\/04\/Portrait_Ich_1x1-150x150.jpg 150w, https:\/\/lennpre.de\/wp-content\/uploads\/2020\/04\/Portrait_Ich_1x1-768x768.jpg 768w, https:\/\/lennpre.de\/wp-content\/uploads\/2020\/04\/Portrait_Ich_1x1-1536x1536.jpg 1536w, https:\/\/lennpre.de\/wp-content\/uploads\/2020\/04\/Portrait_Ich_1x1-2048x2048.jpg 2048w, https:\/\/lennpre.de\/wp-content\/uploads\/2020\/04\/Portrait_Ich_1x1-400x400.jpg 400w, https:\/\/lennpre.de\/wp-content\/uploads\/2020\/04\/Portrait_Ich_1x1-1920x1920.jpg 1920w, https:\/\/lennpre.de\/wp-content\/uploads\/2020\/04\/Portrait_Ich_1x1-640x640.jpg 640w\" sizes=\"(max-width: 2560px) 100vw, 2560px\" \/>\t\t\t\t\t\t\t\t\t\t\t\t\t\t\t<\/div>\n\t\t\t\t<\/div>\n\t\t\t\t<div class=\"elementor-element elementor-element-6da7309 elementor-widget elementor-widget-spacer\" data-id=\"6da7309\" data-element_type=\"widget\" data-widget_type=\"spacer.default\">\n\t\t\t\t<div class=\"elementor-widget-container\">\n\t\t\t\t\t<div class=\"elementor-spacer\">\n\t\t\t<div class=\"elementor-spacer-inner\"><\/div>\n\t\t<\/div>\n\t\t\t\t<\/div>\n\t\t\t\t<\/div>\n\t\t\t\t\t<\/div>\n\t\t<\/div>\n\t\t\t\t<div class=\"elementor-column elementor-col-50 elementor-top-column elementor-element elementor-element-71ea881e\" data-id=\"71ea881e\" data-element_type=\"column\">\n\t\t\t<div class=\"elementor-widget-wrap elementor-element-populated\">\n\t\t\t\t\t\t\t\t<div class=\"elementor-element elementor-element-2efa1c1 elementor-widget elementor-widget-image\" data-id=\"2efa1c1\" data-element_type=\"widget\" data-widget_type=\"image.default\">\n\t\t\t\t<div class=\"elementor-widget-container\">\n\t\t\t\t\t\t\t\t\t\t\t\t\t\t\t<img decoding=\"async\" width=\"1024\" height=\"130\" src=\"https:\/\/lennpre.de\/wp-content\/uploads\/2020\/03\/Logo_wp-1024x130.png\" class=\"attachment-large size-large wp-image-784\" alt=\"\" loading=\"lazy\" srcset=\"https:\/\/lennpre.de\/wp-content\/uploads\/2020\/03\/Logo_wp-1024x130.png 1024w, https:\/\/lennpre.de\/wp-content\/uploads\/2020\/03\/Logo_wp-300x38.png 300w, https:\/\/lennpre.de\/wp-content\/uploads\/2020\/03\/Logo_wp-768x97.png 768w, https:\/\/lennpre.de\/wp-content\/uploads\/2020\/03\/Logo_wp-1536x195.png 1536w, https:\/\/lennpre.de\/wp-content\/uploads\/2020\/03\/Logo_wp-2048x259.png 2048w, https:\/\/lennpre.de\/wp-content\/uploads\/2020\/03\/Logo_wp-400x51.png 400w, https:\/\/lennpre.de\/wp-content\/uploads\/2020\/03\/Logo_wp-1920x243.png 1920w\" sizes=\"(max-width: 1024px) 100vw, 1024px\" \/>\t\t\t\t\t\t\t\t\t\t\t\t\t\t\t<\/div>\n\t\t\t\t<\/div>\n\t\t\t\t<div class=\"elementor-element elementor-element-20019e81 elementor-widget elementor-widget-text-editor\" data-id=\"20019e81\" data-element_type=\"widget\" data-widget_type=\"text-editor.default\">\n\t\t\t\t<div class=\"elementor-widget-container\">\n\t\t\t\t\t\t\t<p style=\"text-align: left;\">Im Jahr 2014 habe ich die Fotografie f\u00fcr mich entdeckt. Wie man deutlich erkennen kann, habe ich eine gro\u00dfe Leidenschaft f\u00fcr Autos. Aber auch in anderen Bereichen der Fotografie probiere ich mich gern aus.\u00a0<span style=\"font-family: var( --e-global-typography-text-font-family ), Sans-serif;\">Nach meinem Abi habe ich eine Ausbildung zum Mediengestalter (Digital &amp; Print) beim Umweltfotofestival \u00bbhorizonte zingst\u00ab abgeschlossen.<\/span><span style=\"font-family: var( --e-global-typography-text-font-family ), Sans-serif;\">\u00a0<\/span><span style=\"font-family: var( --e-global-typography-text-font-family ), Sans-serif;\">Mein aktueller Wohnsitz ist in Rostock.<\/span><\/p>\t\t\t\t\t\t<\/div>\n\t\t\t\t<\/div>\n\t\t\t\t\t<\/div>\n\t\t<\/div>\n\t\t\t\t\t\t\t<\/div>\n\t\t<\/section>\n\t\t\t\t\t\t\t<\/div>\n\t\t","protected":false},"excerpt":{"rendered":"<p>Im Jahr 2014 habe ich die Fotografie f\u00fcr mich entdeckt. Wie man deutlich erkennen kann, habe ich eine gro\u00dfe Leidenschaft f\u00fcr Autos. Aber auch in anderen Bereichen der Fotografie probiere ich mich gern aus.\u00a0Nach meinem [&hellip;]<\/p>\n","protected":false},"author":1,"featured_media":950,"parent":0,"menu_order":0,"comment_status":"closed","ping_status":"closed","template":"","meta":{"content-type":""},"_links":{"self":[{"href":"https:\/\/lennpre.de\/index.php\/wp-json\/wp\/v2\/pages\/865"}],"collection":[{"href":"https:\/\/lennpre.de\/index.php\/wp-json\/wp\/v2\/pages"}],"about":[{"href":"https:\/\/lennpre.de\/index.php\/wp-json\/wp\/v2\/types\/page"}],"author":[{"embeddable":true,"href":"https:\/\/lennpre.de\/index.php\/wp-json\/wp\/v2\/users\/1"}],"replies":[{"embeddable":true,"href":"https:\/\/lennpre.de\/index.php\/wp-json\/wp\/v2\/comments?post=865"}],"version-history":[{"count":25,"href":"https:\/\/lennpre.de\/index.php\/wp-json\/wp\/v2\/pages\/865\/revisions"}],"predecessor-version":[{"id":1009,"href":"https:\/\/lennpre.de\/index.php\/wp-json\/wp\/v2\/pages\/865\/revisions\/1009"}],"wp:featuredmedia":[{"embeddable":true,"href":"https:\/\/lennpre.de\/index.php\/wp-json\/wp\/v2\/media\/950"}],"wp:attachment":[{"href":"https:\/\/lennpre.de\/index.php\/wp-json\/wp\/v2\/media?parent=865"}],"curies":[{"name":"wp","href":"https:\/\/api.w.org\/{rel}","templated":true}]}}